{"id":85,"date":"2015-07-20T16:26:17","date_gmt":"2015-07-20T14:26:17","guid":{"rendered":"http:\/\/www.ullageiges.com\/new\/?page_id=85"},"modified":"2018-03-16T18:21:43","modified_gmt":"2018-03-16T17:21:43","slug":"traeume-aus-staub","status":"publish","type":"page","link":"https:\/\/www.ullageiges.de\/?page_id=85","title":{"rendered":"Tr\u00e4ume aus Staub    <span style='color:#5a3923;font-size:16px;'>  (1994)<\/span>"},"content":{"rendered":"<p>Nous n&#8217;avons aucune communication \u00e1 l&#8217;estre<br \/>\nParce que tout humaine nature est toujours au milieu<br \/>\nEntre le naistre et le mourir<br \/>\nNe baillant de soy qu&#8217;une obscure apparence et ombre<br \/>\nMONTAIGNE<\/p>\n<p><strong>Tanz<\/strong> : Laetitia Barbaro, Ulla Geiges, Richard Labrousse, Isabelle Landi\u00e9.<br \/>\n<strong>Musik<\/strong> : Anonyme Tarantellen<br \/>\n<strong>Kost\u00fcme<\/strong> : Joelle Bondil<br \/>\n<strong>B\u00fchne<\/strong> : Jean-Claude Fiems, Jean-Louis Ramirez<br \/>\n<strong>Technik<\/strong> : V\u00e9ronique Chompton, Maria Platanou<\/p>\n<p>der Vorhang ist gefallen,<br \/>\ndie Suche nach der eigenen Identit\u00e4t kann beginnen\u2026<br \/>\nTr\u00e4ume, Gedanken und \u00c4ngste zum Abschied, nicht nur zum Abschied von der B\u00fchne<\/p>\n<p><span style=\"font-size: 8pt;\">Foto: Jean Gros Abadie<\/span><\/p>\n","protected":false},"excerpt":{"rendered":"<p>Nous n&#8217;avons aucune communication \u00e1 l&#8217;estre Parce que tout humaine nature est toujours au milieu Entre le naistre et le mourir Ne baillant de soy qu&#8217;une obscure apparence et ombre MONTAIGNE Tanz : Laetitia Barbaro, Ulla Geiges, Richard Labrousse, Isabelle Landi\u00e9. Musik : Anonyme Tarantellen Kost\u00fcme : Joelle Bondil B\u00fchne : Jean-Claude Fiems, Jean-Louis Ramirez &hellip; <a href=\"https:\/\/www.ullageiges.de\/?page_id=85\" class=\"more-link\"><span class=\"screen-reader-text\">Tr\u00e4ume aus Staub    <span style='color:#5a3923;font-size:16px;'>  (1994)<\/span><\/span> weiterlesen <span class=\"meta-nav\">&rarr;<\/span><\/a><\/p>\n","protected":false},"author":1,"featured_media":0,"parent":26,"menu_order":0,"comment_status":"closed","ping_status":"closed","template":"","meta":{"_links_to":"","_links_to_target":""},"_links":{"self":[{"href":"https:\/\/www.ullageiges.de\/index.php?rest_route=\/wp\/v2\/pages\/85"}],"collection":[{"href":"https:\/\/www.ullageiges.de\/index.php?rest_route=\/wp\/v2\/pages"}],"about":[{"href":"https:\/\/www.ullageiges.de\/index.php?rest_route=\/wp\/v2\/types\/page"}],"author":[{"embeddable":true,"href":"https:\/\/www.ullageiges.de\/index.php?rest_route=\/wp\/v2\/users\/1"}],"replies":[{"embeddable":true,"href":"https:\/\/www.ullageiges.de\/index.php?rest_route=%2Fwp%2Fv2%2Fcomments&post=85"}],"version-history":[{"count":0,"href":"https:\/\/www.ullageiges.de\/index.php?rest_route=\/wp\/v2\/pages\/85\/revisions"}],"up":[{"embeddable":true,"href":"https:\/\/www.ullageiges.de\/index.php?rest_route=\/wp\/v2\/pages\/26"}],"wp:attachment":[{"href":"https:\/\/www.ullageiges.de\/index.php?rest_route=%2Fwp%2Fv2%2Fmedia&parent=85"}],"curies":[{"name":"wp","href":"https:\/\/api.w.org\/{rel}","templated":true}]}}

Träume aus Staub    <span style='color:#5a3923;font-size:16px;'>  (1994)</span>

<p>Nous n&#8217;avons aucune communication á l&#8217;estre<br />
Parce que tout humaine nature est toujours au milieu<br />
Entre le naistre et le mourir<br />
Ne baillant de soy qu&#8217;une obscure apparence et ombre<br />
MONTAIGNE</p>
<p><strong>Tanz</strong> : Laetitia Barbaro, Ulla Geiges, Richard Labrousse, Isabelle Landié.<br />
<strong>Musik</strong> : Anonyme Tarantellen<br />
<strong>Kostüme</strong> : Joelle Bondil<br />
<strong>Bühne</strong> : Jean-Claude Fiems, Jean-Louis Ramirez<br />
<strong>Technik</strong> : Véronique Chompton, Maria Platanou</p>
<p>der Vorhang ist gefallen,<br />
die Suche nach der eigenen Identität kann beginnen…<br />
Träume, Gedanken und Ängste zum Abschied, nicht nur zum Abschied von der Bühne</p>
<p><span style="font-size: 8pt;">Foto: Jean Gros Abadie</span></p>

<p>Nous n&#8217;avons aucune communication á l&#8217;estre Parce que tout humaine nature est toujours au milieu Entre le naistre et le mourir Ne baillant de soy qu&#8217;une obscure apparence et ombre MONTAIGNE Tanz : Laetitia Barbaro, Ulla Geiges, Richard Labrousse, Isabelle Landié. Musik : Anonyme Tarantellen Kostüme : Joelle Bondil Bühne : Jean-Claude Fiems, Jean-Louis Ramirez &hellip; <a href="https://www.ullageiges.de/?page_id=85" class="more-link"><span class="screen-reader-text">Träume aus Staub    <span style='color:#5a3923;font-size:16px;'>  (1994)</span></span> weiterlesen <span class="meta-nav">&rarr;</span></a></p>
